
6
Let f(k) = -k**3 + 9*k**2 + k + 2. Let s(v) = 9*v**3 - v**2 + 1. Let j be s(1). Let b be f(j). What is the greatest common factor of b and 11?
11
Let t(w) = w**2 - 5*w + 10. Let d be t(-5). What is the highest common factor of 2 and d?
2
Let a be 2 + (-164)/(8/(-4)). What is the greatest common divisor of 12 and a?
12
Let u be (-21)/(-9)*(0 - -102). Let r be 4/(-18) - u/(-18). Calculate the highest common factor of r and 13.
13
Let g be ((-13)/(-5))/(2/10). Calculate the highest common factor of g and 39.
13
Let u be (-4)/14 - (-306)/42. Calculate the greatest common factor of u and 7.
7
Suppose -3*y = -1 - 5. Suppose 6*i - 2*i - 8 = 0. What is the highest common factor of i and y?
2
Suppose 2*c = 2*f - f + 3, 0 = -4*c - 5*f + 27. What is the highest common divisor of c and 1?
1
Let y be 1*3*18*2. Let r be (-2)/(-5) - y/(-5). What is the highest common factor of 242 and r?
22
Let o(n) = -n**3 - n**2 + n + 50. Let y be o(0). Let g = 5 + -1. Let b be y/g + (-1)/(-2). What is the highest common factor of 26 and b?
13
Let h be 1/(2/32) - -1. Suppose -h + 1 = -2*o. Suppose -z = -3*k - 52, -k = 3*z - 231 + 35. What is the highest common divisor of o and z?
8
Let k = -36 - -51. What is the greatest common factor of 10 and k?
5
Let g = 23 - 14. Suppose -c + g = 2*c. Let y = -9 - -18. Calculate the highest common divisor of c and y.
3
Suppose 3*m + 3*a = -2*m + 180, -2*a = -2*m + 56. What is the highest common factor of 3 and m?
3
Suppose -3*v + 3*s = 240, 2*v - s - 2*s + 160 = 0. Let u be 3 - (1 + 2) - v. Suppose 3*l = -5 + 35. Calculate the greatest common divisor of l and u.
10
Suppose -2*j + 8 = o, 2 = 3*o - 2*o - 4*j. Let g(m) = -16*m - 70. Let t be g(-7). Calculate the highest common divisor of o and t.
6
Suppose h - 3*k = 5, -3*h - 4 + 29 = k. Calculate the highest common divisor of 72 and h.
8
Let d(u) = -u**3 + 4*u**2 + 4*u + 7. Let z be d(5). Let a = 0 + z. Calculate the greatest common factor of 4 and a.
2
Let k(l) = 32*l**2 + l - l + 1 - 3*l. Let t be k(1). Calculate the highest common factor of 15 and t.
15
Let r(v) = -v + v**2 + 8*v**2 - 3*v**2. Let k be r(-1). Calculate the highest common factor of k and 28.
7
Suppose 3*g = 2*j + 34, 24 = 2*g - 2*j + 2. Let w be ((-1)/1)/((-1)/96). Calculate the greatest common factor of g and w.
12
Suppose 31*z - 27*z - 64 = 0. Calculate the greatest common factor of 16 and z.
16
Let k be 4 - (104/4)/(-2). What is the greatest common factor of k and 170?
17
Let n = -37 - -13. Let a = 58 + n. Suppose -3*m - 29 = -3*s + 46, a = s - 4*m. Calculate the greatest common factor of 55 and s.
11
Let m(w) = -12*w + 2. Let o be m(-4). Suppose a - o = 2*a. Let g be (6/(-4))/(1/a). What is the highest common factor of 25 and g?
25
Let b be ((-91)/(-21) - 5) + 10/6. Calculate the greatest common factor of b and 5.
1
Suppose 0 = 4*a + 3*v - 387, -2*v + 290 = 4*a - a. What is the highest common divisor of a and 24?
24
Suppose f - 2 - 4 = 0. Let d = f - -10. Calculate the highest common divisor of d and 24.
8
Suppose 5*g + 0*g - 20 = 0. Let c be (2/g)/((-5)/(-350)). What is the highest common factor of 7 and c?
7
Let x be (-36)/10 - 4/10. Let l be (x/2 - -9) + -1. Calculate the highest common divisor of l and 54.
6
Let i = -91 - -139. Let p(n) be the second derivative of n**4/12 + 5*n**3/6 - 4*n**2 - n. Let r be p(-7). What is the greatest common divisor of i and r?
6
Suppose 2*z + 21 + 5 = 2*d, 0 = 4*d + 12. Let x be (-1)/2*(4 + z). What is the greatest common divisor of 54 and x?
6
Suppose -3*i + 5*u + 14 = 0, -4*i = -0*u + u + 12. Let w be -132 + 2/i + 0. Let s = w - -223. Calculate the highest common factor of 10 and s.
10
Let l(z) = z**2. Let c be l(3). Let h(d) = -d**2 - 10*d + 27. Let u be h(-12). What is the highest common factor of c and u?
3
Let h = 141 - 119. Let k = -141 - -207. Calculate the greatest common divisor of h and k.
22
Let g = 215 - 96. Calculate the highest common factor of 17 and g.
17
Let s be -15*(112/(-12) + 4). Suppose 0 = -d - 2*c + 3, -d - 2 = -3*c + 5. Let p(y) = -10*y. Let j be p(d). What is the highest common factor of s and j?
10
Let c(l) = -l**3 + 7*l**2 - 6*l + 2. Let t be c(6). Let h be t + -3 - 0 - -70. Calculate the highest common factor of 46 and h.
23
Suppose 4*h = -h - 5*l + 105, 0 = -4*l - 20. What is the greatest common divisor of 26 and h?
26
Let p = -46 + 76. Suppose 4*l = -r + 7, 0 = -r + 4*l + l + 34. Let x = p - r. Calculate the highest common factor of 55 and x.
11
Let t(v) = 10*v - 28. Let o be t(8). Calculate the highest common factor of o and 130.
26
Suppose -3*t - 63 = -2*x - x, -52 = -4*x - 4*t. Let u be (-11)/(x/(-8) - -2). What is the greatest common factor of 22 and u?
22
Let p = -7 - -5. Let g be 0*(-2 + (-5)/p). Let u(t) = t + 12. Let y be u(g). What is the greatest common divisor of 18 and y?
6
Let o = -4 + 6. Calculate the highest common factor of 22 and o.
2
Let v(u) = -u**2 - 9*u - 2. Let m be v(-7). Calculate the greatest common divisor of 12 and m.
12
Suppose 4*x + 6 + 10 = 0. Let r(q) = q - 2. Let b(o) = 2. Let m(y) = -2*b(y) - 3*r(y). Let a be m(x). What is the highest common factor of 14 and a?
14
Suppose -126 = -0*b - 2*b. What is the greatest common divisor of b and 42?
21
Let o(b) = b**3 - 4*b**2 - 4*b - 3. Let z be o(5). Let l = z + -1. Suppose -25 = -4*t - l. Calculate the greatest common divisor of t and 3.
3
Let d = 31 + -20. Let x be 110/(-8)*4*-1. What is the greatest common factor of d and x?
11
Let d(m) = 9*m**2 - 6*m + 4. Let f be d(2). What is the greatest common divisor of 56 and f?
28
Let j(b) = 4*b**2 - 32*b + 5. Let k be j(8). What is the highest common factor of 20 and k?
5
Let u = -3 - -4. Let d be (-6)/8 + 108/(-48). Let m be ((-34)/d)/(u/3). Calculate the highest common divisor of 85 and m.
17
Suppose 7 = 4*u - 9. Suppose 0 = -u*n + 5 + 11. What is the highest common divisor of n and 36?
4
Let x be (-678)/(-10) + (-8)/(-40). Calculate the greatest common divisor of x and 17.
17
Let t(x) = -4*x + 5. Let i be t(-12). Let o = -8 + i. Calculate the greatest common divisor of o and 18.
9
Let x = -128 - -170. Calculate the highest common divisor of 18 and x.
6
Let l(z) = -4*z**2 - z + 1. Let n be l(4). Let m = n - 293. Let j be ((-1)/2)/(5/m). What is the highest common divisor of 9 and j?
9
Suppose 5*w - k - 97 = w, 4*k = -5*w + 116. Calculate the greatest common divisor of w and 8.
8
Suppose -65 = -2*h + h - 5*q, 5*h - 465 = 3*q. Let i(r) = 10*r**2. Let a be i(-1). What is the highest common factor of a and h?
10
Suppose 3*z - 57 - 48 = 0. Suppose -42 = -37*f + 34*f. Calculate the highest common factor of z and f.
7
Suppose 2*v - 22 = -2*x, 3*v + 3 = -5*x + 62. Let n = x - 1. Calculate the highest common divisor of 3 and n.
3
Suppose -6 + 29 = 4*v - 3*z, 3*z = v - 8. Calculate the highest common factor of 35 and v.
5
Let o = -8 - -12. Calculate the highest common divisor of 4 and o.
4
Let z(a) be the second derivative of a**5/20 + 2*a**4/3 + a**3/6 + 3*a**2/2 + 4*a. Let x be z(-4). What is the highest common divisor of x and 9?
9
Suppose 5*k = -21 + 126. What is the highest common factor of 189 and k?
21
Let a(d) = -d**3 + 3*d**2 - 5*d**2 - 4*d**2 - 6 - 3*d. Let i be a(-6). Suppose 0 = g - i - 0. What is the greatest common divisor of 30 and g?
6
Suppose -2*q + 13 = -s, q - 5*s - 11 = -0*q. Let v = 214 - -47. Suppose 0 = 3*y + 63 - v. Calculate the highest common factor of q and y.
6
Suppose 9*d - 434 = 376. Calculate the highest common divisor of 10 and d.
10
Suppose 5*s + 3 = -j, s = -5*j - 2*s + 7. Let d(f) = f**3 + 5*f**2 - 2*f - 4. Let q be d(-5). Let k = 8 - q. What is the highest common factor of k and j?
2
Suppose 6*w - 3*w = 2*s - 53, 5*s = 2*w + 116. What is the highest common divisor of s and 11?
11
Let d(q) = q**2 + 9*q + 4. Let s be 28/(-3) + (-2)/(-6). Let v be d(s). What is the greatest common divisor of v and 44?
4
Let r = 32 - 7. What is the greatest common divisor of r and 200?
25
Let p = -31 + 59. Suppose b - 15 = -1. Calculate the highest common divisor of b and p.
14
Suppose 2*v = 4 + 16. Let t(d) = d**2 - 8*d + 4. Let o be t(v). Calculate the greatest common factor of o and 16.
8
Suppose o = 203 + 173. What is the highest common divisor of 47 and o?
47
Suppose -3*q - 2*n = -71, -5*n + 2 = 3*q - 2*q. Supp